housands digit of 32734668?
3
What is the units digit of 11208?
8
What is the units digit of 377044?
4
What is the hundreds digit of 3483018?
0
What is the thousands digit of 20077432?
7
What is the hundred thousands digit of 542512?
5
What is the hundred thousands digit of 112107?
1
What is the hundreds digit of 3845556?
5
What is the units digit of 560833?
3
What is the hundreds digit of 2402068?
0
What is the units digit of 922?
2
What is the tens digit of 3759056?
5
What is the hundred thousands digit of 553738?
5
What is the units digit of 264151?
1
What is the hundred thousands digit of 1369217?
3
What is the ten thousands digit of 269722?
6
What is the units digit of 604023?
3
What is the millions digit of 9564965?
9
What is the units digit of 2465105?
5
What is the hundred thousands digit of 380313?
3
What is the tens digit of 121704?
0
What is the tens digit of 418207?
0
What is the millions digit of 1230289?
1
What is the units digit of 2338841?
1
What is the ten thousands digit of 3615705?
1
What is the hundred thousands digit of 10318781?
3
What is the units digit of 594492?
2
What is the millions digit of 3989602?
3
What is the hundreds digit of 82616?
6
What is the ten thousands digit of 58113?
5
What is the tens digit of 103004?
0
What is the millions digit of 1118465?
1
What is the hundreds digit of 1008240?
2
What is the tens digit of 790042?
4
What is the thousands digit of 228549?
8
What is the hundred thousands digit of 2369394?
3
What is the hundred thousands digit of 525640?
5
What is the tens digit of 98984?
8
What is the thousands digit of 101052?
1
What is the hundreds digit of 288103?
1
What is the ten thousands digit of 332851?
3
What is the thousands digit of 215404?
5
What is the millions digit of 2352362?
2
What is the units digit of 3247522?
2
What is the tens digit of 8110633?
3
What is the hundreds digit of 914926?
9
What is the millions digit of 1213595?
1
What is the units digit of 276957?
7
What is the units digit of 154040?
0
What is the ten thousands digit of 351124?
5
What is the units digit of 815163?
3
What is the thousands digit of 734139?
4
What is the tens digit of 3384050?
5
What is the thousands digit of 20079198?
9
What is the millions digit of 12764403?
2
What is the units digit of 393680?
0
What is the ten thousands digit of 11516?
1
What is the units digit of 133392?
2
What is the hundreds digit of 599439?
4
What is the units digit of 587984?
4
What is the millions digit of 1017722?
1
What is the hundreds digit of 553410?
4
What is the ten thousands digit of 791946?
9
What is the ten thousands digit of 75415?
7
What is the hundreds digit of 2555437?
4
What is the units digit of 4577318?
8
What is the hundreds digit of 334930?
9
What is the tens digit of 1122942?
4
What is the millions digit of 1200693?
1
What is the units digit of 390043?
3
What is the hundreds digit of 270806?
8
What is the ten thousands digit of 327470?
2
What is the hundred thousands digit of 152127?
1
What is the hundreds digit of 10450289?
2
What is the ten millions digit of 26425697?
2
What is the tens digit of 13668814?
1
What is the hundred thousands digit of 647679?
6
What is the thousands digit of 5936658?
6
What is the units digit of 775855?
5
What is the ten thousands digit of 991673?
9
What is the millions digit of 3775548?
3
What is the hundred thousands digit of 108151?
1
What is the millions digit of 2960353?
2
What is the units digit of 169599?
9
What is the thousands digit of 25902893?
2
What is the hundreds digit of 701897?
8
What is the ten thousands digit of 13645072?
4
What is the hundred thousands digit of 218675?
2
What is the millions digit of 10262088?
0
What is the hundreds digit of 6705605?
6
What is the tens digit of 817613?
1
What is the hundreds digit of 3371325?
3
What is the units digit of 41648?
8
What is the thousands digit of 302389?
2
What is the ten thousands digit of 2094723?
9
What is the hundred thousands digit of 7944491?
9
What is the ten thousands digit of 1301512?
0
What is the ten thousands digit of 1430463?
3
What is the thousands digit of 1361216?
1
What is the hundreds digit of 2357373?
3
What is the thousands digit of 182704?
2
What is the tens digit of 4968?
6
What is the units digit of 52962?
2
What is the units digit of 392503?
3
What is the ten thousands digit of 2595651?
9
What is the hundreds digit of 3007689?
6
What is the hundreds digit of 95565?
5
What is the ten thousands digit of 407892?
0
What is the thousands digit of 575162?
5
What is the millions digit of 1137534?
1
What is the ten thousands digit of 3608583?
0
What is the units digit of 6198?
8
What is the hundreds digit of 2317436?
4
What is the thousands digit of 1110048?
0
What is the millions digit of 20885471?
0
What is the ten thousands digit of 349091?
4
What is the thousands digit of 1458513?
8
What is the tens digit of 58261?
6
What is the ten thousands digit of 278743?
7
What is the units digit of 128265?
5
What is the hundreds digit of 320040?
0
What is the hundred thousands digit of 5672001?
6
What is the tens digit of 3194382?
8
What is the hundred thousands digit of 258756?
2
What is the thousands digit of 835455?
5
What is the ten thousands digit of 113480?
1
What is the thousands digit of 387105?
7
What is the tens digit of 7519082?
8
What is the tens digit of 15093392?
9
What is the thousands digit of 1559226?
9
What is the tens digit of 3240625?
2
What is the ten thousands digit of 1120101?
2
What is the millions digit of 1262805?
1
What is the ten thousands digit of 570420?
7
What is the hundreds digit of 1771826?
8
What is the ten thousands digit of 5792380?
9
What is the hundreds digit of 2701312?
3
What is the hundred thousands digit of 4978428?
9
What is the tens digit of 596025?
2
What is the ten millions digit of 12410342?
1
What is the tens digit of 5846080?
8
What is the ten thousands digit of 335390?
3
What is the thousands digit of 3812580?
2
What is the hundred thousands digit of 157678?
1
What is the ten thousands digit of 421234?
2
What is the tens digit of 5869324?
2
What is the units digit of 2695897?
7
What is the tens digit of 387356?
5
What is the thousands digit of 10382133?
2
What is the hundreds digit of 2801975?
9
What is the thousands digit of 402108?
2
What is the millions digit of 1440490?
1
What is the tens digit of 10270?
7
What is the hundred thousands digit of 2830410?
8
What is the ten thousands digit of 8938619?
3
What is the hundreds digit of 621575?
5
What is the tens digit of 275361?
6
What is the units digit of 392675?
5
What is the units digit of 3015614?
4
What is the ten thousands digit of 3061873?
6
What is the thousands digit of 140079?
0
What is the hundred thousands digit of 1031643?
0
What is the thousands digit of 1273921?
3
What is the ten thousands digit of 14895?
1
What is the hundred thousands digit of 678493?
6
What is the units digit of 334059?
9
What is the units digit of 737003?
3
What is the tens digit of 248743?
4
What is the tens digit of 5910144?
4
What is the units digit of 144467?
7
What is the units digit of 407912?
2
What is the hundred thousands digit of 292468?
2
What is the ten thousands digit of 2449162?
4
What is the thousands digit of 880803?
0
What is the units digit of 321333?
3
What is the hundreds digit of 660417?
4
What is the hundred thousands digit of 4919450?
9
What is the tens digit of 5860520?
2
What is the ten thousands digit of 140869?
4
What is the hundreds digit of 568992?
9
What is the hundreds digit of 85902?
9
What is the hundred thousands digit of 452474?
4
What is the hundred thousands digit of 2385940?
3
What is the thousands digit of 1746082?
6
What is the hundred thousands digit of 25420560?
4
What is the hundred thousands digit of 15908008?
9
What is the hundreds digit of 5607861?
8
What is the ten thousands digit of 2691878?
9
What is the tens digit of 272606?
0
What is the tens digit of 25371?
7
What is the millions digit of 1419108?
1
What is the thousands digit of 390567?
0
What is the hundred thousands digit of 521994?
5
What is the units digit of 113682?
2
What is the hundred thousands digit of 692021?
6
What is the ten thousands digit of 246947?
4
What is the ten thousands digit of 2280587?
8
Wh